ltiple of 7?
True
Does 2 divide 15722?
True
Is 291652 a multiple of 479?
False
Does 16 divide 30783?
False
Is 1042143 a multiple of 63?
False
Is 9 a factor of 101385?
True
Is 468384 a multiple of 8?
True
Is 122 a factor of 579744?
True
Does 3 divide 317752?
False
Does 15 divide 766676?
False
Is 51 a factor of 104448?
True
Is 365370 a multiple of 2?
True
Does 9 divide 7317420?
False
Is 3 a factor of 238351?
False
Is 97 a factor of 1853360?
False
Does 7 divide 36751?
False
Does 542 divide 4500768?
True
Is 24750 a multiple of 55?
True
Does 6 divide 7377270?
True
Is 97 a factor of 1275653?
False
Does 12 divide 6920607?
False
Is 741 a factor of 992794?
False
Is 339674 a multiple of 74?
False
Is 333 a factor of 691605?
False
Is 56 a factor of 16016?
True
Does 252 divide 868140?
True
Is 14692284 a multiple of 18?
True
Does 3 divide 3392787?
True
Is 919 a factor of 3115084?
False
Does 452 divide 1756924?
True
Is 15 a factor of 343116?
False
Does 264 divide 473928?
False
Does 476 divide 258919?
False
Is 79 a factor of 790?
True
Is 2 a factor of 10277?
False
Does 69 divide 1900342?
False
Is 336 a factor of 2733024?
True
Is 1427 a factor of 5111514?
True
Does 1607 divide 7706171?
False
Is 93166 a multiple of 55?
False
Is 37 a factor of 342990?
True
Is 60 a factor of 85260?
True
Is 87 a factor of 94047?
True
Is 2344512 a multiple of 70?
False
Is 73 a factor of 1905876?
False
Is 1390466 a multiple of 77?
True
Does 566 divide 274249?
False
Is 4186052 a multiple of 23?
False
Does 1039 divide 9150473?
True
Does 23 divide 60805?
False
Is 1468478 a multiple of 2?
True
Is 11 a factor of 4334?
True
Is 172815 a multiple of 15?
True
Is 25370058 a multiple of 322?
True
Does 40 divide 291040?
True
Is 23 a factor of 1119134?
True
Is 1149426 a multiple of 201?
False
Is 2 a factor of 24908?
True
Is 460808 a multiple of 16?
False
Is 110800 a multiple of 25?
True
Does 401 divide 277492?
True
Is 411 a factor of 152184?
False
Does 62 divide 10566?
False
Does 296 divide 572319?
False
Is 3098870 a multiple of 16?
False
Does 141 divide 154089?
False
Is 130 a factor of 5862220?
True
Is 151 a factor of 1496858?
False
Is 553528 a multiple of 169?
False
Is 2 a factor of 2898?
True
Does 73 divide 3475676?
True
Is 32 a factor of 6533?
False
Is 85 a factor of 110027?
False
Is 11 a factor of 68849?
True
Does 64 divide 162566?
False
Does 246 divide 21599991?
False
Is 631940 a multiple of 260?
False
Is 1115671 a multiple of 178?
False
Is 18 a factor of 267525?
False
Is 10 a factor of 6666240?
True
Is 4332420 a multiple of 678?
True
Is 74 a factor of 752351?
False
Is 948 a multiple of 158?
True
Does 161 divide 2975763?
True
Does 198 divide 2256239?
False
Is 519582 a multiple of 12?
False
Is 11385 a multiple of 11?
True
Is 12 a factor of 3638117?
False
Is 1950800 a multiple of 20?
True
Is 129576 a multiple of 139?
False
Is 397 a factor of 88516?
False
Is 58 a factor of 51151?
False
Is 51 a factor of 5204448?
True
Does 7 divide 4295459?
True
Is 44 a factor of 1555385?
False
Is 1823507 a multiple of 7?
True
Is 993 a factor of 14008?
False
Does 32 divide 8576?
True
Is 1032460 a multiple of 44?
True
Does 70 divide 933465?
False
Is 174 a factor of 135546?
True
Is 16 a factor of 185952?
True
Is 2193972 a multiple of 22?
True
Is 34 a factor of 21659?
False
Is 112200 a multiple of 44?
True
Is 1591 a multiple of 163?
False
Is 31620 a multiple of 5?
True
Does 55 divide 2109752?
False
Is 352599 a multiple of 2?
False
Does 294 divide 279594?
True
Is 42 a factor of 296065?
False
Is 28060 a multiple of 10?
True
Is 4 a factor of 49940?
True
Does 180 divide 29700?
True
Does 46 divide 6964364?
False
Is 1722365 a multiple of 3?
False
Does 1527 divide 4287816?
True
Is 2809620 a multiple of 199?
False
Is 780361 a multiple of 17?
False
Is 11 a factor of 8369327?
False
Does 123 divide 35518?
False
Is 206 a factor of 4102589?
False
Does 28 divide 38743?
False
Does 138 divide 696841?
False
Does 9 divide 72373?
False
Does 18 divide 15768?
True
Does 206 divide 388538?
False
Is 54927 a multiple of 9?
True
Is 29303694 a multiple of 189?
True
Is 4 a factor of 74888?
True
Is 117752 even?
True
Does 168 divide 5430264?
True
Is 8 a factor of 246256?
True
Is 144 a factor of 1848672?
True
Is 97695 a multiple of 39?
True
Is 2 a factor of 931418?
True
Does 20 divide 149159?
False
Does 277 divide 2526923?
False
Is 416 a factor of 12252032?
True
Is 39548 a multiple of 156?
False
Is 3407926 a multiple of 219?
False
Is 23153676 a multiple of 21?
True
Is 38 a factor of 3718732?
False
Does 69 divide 154796?
False
Is 12 a factor of 7979628?
True
Is 3 a factor of 151958?
False
Is 14 a factor of 78114?
False
Is 1320815 a multiple of 5?
True
Does 23 divide 360950?
False
Is 10953 a multiple of 2?
False
Is 192174 a multiple of 3?
True
Does 3 divide 90906?
True
Is 9 a factor of 351716?
False
Is 760100 a multiple of 4?
True
Is 33839 a multiple of 367?
False
Does 32 divide 227840?
True
Is 60 a factor of 303600?
True
Is 628875 a multiple of 238?
False
Does 19 divide 670947?
True
Is 17757325 a multiple of 828?
False
Does 48 divide 14832?
True
Is 1109700 a multiple of 6?
True
Is 26838061 a multiple of 107?
True
Is 7687511 a multiple of 52?
False
Does 291 divide 167907?
True
Is 590304 a multiple of 474?
False
Does 155 divide 1941530?
True
Does 5 divide 14460?
True
Does 64 divide 84339?
False
Is 347424 a multiple of 112?
True
Is 30 a factor of 132030?
True
Is 104 a factor of 220168?
True
Does 18 divide 2724672?
False
Is 46 a factor of 2693101?
False
Is 726 a factor of 2388511?
False
Is 27 a factor of 3763158?
False
Is 976989 a multiple of 18?
False
Does 4 divide 203637?
False
Is 27189 a multiple of 5?
False
Is 516 a factor of 1606308?
True
Is 134 a factor of 2211104?
False
Is 81 a factor of 294678?
True
Is 94 a factor of 11526938?
True
Is 19 a factor of 3058772?
True
Is 1894455 a multiple of 135?
True
Is 212017 a multiple of 47?
True
Is 5669176 a multiple of 249?
False
Is 465 a factor of 941310?
False
Is 80 a factor of 72720?
True
Does 26 divide 33787?
False
Does 518 divide 198912?
True
Does 119 divide 1542002?
True
Is 20485 a multiple of 5?
True
Is 4833211 a multiple of 24?
False
Does 964 divide 293029?
False
Is 272 a factor of 1733701?
False
Is 82 a factor of 3055894?
True
Is 700663 a multiple of 166?
False
Is 427 a factor of 24678998?
False
Does 411 divide 1075998?
True
Does 149 divide 224817?
False
Is 11961085 a multiple of 1345?
True
Is 123 a factor of 884124?
True
Does 18 divide 4000716?
True
Is 1914121 a multiple of 285?
False
Is 78839 a multiple of 2?
False
Is 210 a factor of 4330830?
True
Is 11562353 a multiple of 21?
False
Does 34 divide 168357?
False
Is 42 a factor of 5184228?
True
Is 11477 a multiple of 4?
False
Is 268 a factor of 209040?
True
Does 232 divide 186849?
False
Is 23 a factor of 174876?
False
Is 300 a factor of 6073847?
False
Does 167 divide 453698?
False
Is 94190 a multiple of 8?
False
Is 752928 a multiple of 124?
True
Is 23 a factor of 14916?
False
Is 80 a factor of 96336?
False
Is 544364 a multiple of 4?
True
Is 3 a factor of 69906?
True
Is 20375222 a multiple of 14?
True
Is 428526 a multiple of 23?
False
Does 11 divide 18633?
False
Is 407 a multiple of 9?
False
Is 9 a factor of 39202?
False
Is 14 a factor of 105560?
True
Is 3 a factor of 13524?
True
Does 157 divide 348785?
False
Does 4 divide 528711?
False
Does 190 divide 231420?
True
Is 16 a factor of 2399?
False
Is 77 a factor of 14709345?
False
Does 191 divide 167316?
True
Is 32 a factor of 517728?
True
Does 643 divide 23852728?
True
Does 51 divide 74409?
True
Is 2131006 a multiple of 789?
False
Is 12292 a multiple of 19?
False
Does 405 divide 92553?
False
Is 2058536 a multiple of 38?
True
Does 3 divide 290940?
True
Does 296 divide 3590640?
False
Does 9 divide 33646?
False
Does 32 divide 43301?
False
Does 57 divide 272744?
False
Is 5473499 a multiple of 56?
False
Does 48 divide 888118?
False
Is 100430 a multiple of 10?
True
Is 2719960 a multiple of 8?
True
Is 603866 a multiple of 123?
False
Does 12 divide 55668?
True
Is 4268635 a multiple of 66?
False
Is 25 a factor of 193146?
False
Is 536552 a multiple of 47?
True
Is 266 a factor of 385966?
True
Is 8 a factor of 6997952?
True
Is 9 a factor of 312105?
False
Is 130 a factor of 329712?
False
Is 5 a factor of 23